w(m). Let r(y) = -2*y - 6. Let v be r(-4). Is 3 a factor of o(v)?
True
Suppose x = -i + 3*x + 3, -3*x - 21 = 4*i. Is 28 a factor of ((-399)/i - -3) + -3?
False
Let d = -24 - -26. Let k = 130 - d. Is 32 a factor of k?
True
Suppose 14 = 20*g - 18*g. Let q(i) = i**2 + 4*i + 4. Does 27 divide q(g)?
True
Is 15 a factor of -3*((129/(-3) - 2) + -5)?
True
Suppose -5*j + 4*j = -3. Suppose 0*k + 3*k = 4*n - 17, -13 = -2*n - j*k. Suppose -2*g + 8 = 2*m, 0 = -2*m - m - n*g + 12. Is m a multiple of 4?
True
Suppose -m = -5*m. Suppose m*a + 235 = 5*a. Is a a multiple of 4?
False
Is 3 - ((-36)/(-6) + -247) a multiple of 19?
False
Let x(z) = 2*z**3 - 4*z**2 + 3*z + 2. Let y be x(3). Suppose -3*v + v - 5*b - 2 = 0, -3*b + 5 = -5*v. Is v - y/(-1 - 0) a multiple of 7?
True
Suppose 4*w - 1868 = -2*z, 21*z - w + 3764 = 25*z. Is z a multiple of 38?
False
Suppose -3*i = -0*j - 4*j + 598, 0 = -5*j + 2*i + 744. Suppose 5*a = -n + j, 0 = -4*a + 5*a. Is n a multiple of 20?
False
Suppose 34*w + 1836 = 38*w. Is w a multiple of 9?
True
Suppose 1 = -y - 3*b + 28, -4*b = 4*y - 108. Suppose s - 5*c = y, 2*s - 78 = -2*c + 4*c. Is s a multiple of 14?
True
Suppose t + 39 = 3*n, -2*n + 10*t = 7*t - 33. Is 12 a factor of n?
True
Let u(w) = w**2 - 18*w - 71. Does 9 divide u(-11)?
False
Suppose 3*h + h - g = 542, 3*g = 6. Does 4 divide h?
True
Let v = 197 + 475. Does 3 divide v?
True
Let u(a) = -2*a**3 - 3*a + 2. Let d be u(1). Let y = d - 4. Does 24 divide (y/(28/(-360)))/2?
False
Is (476/(-42))/((-1)/12) a multiple of 34?
True
Suppose 17*z + 3822 = 5*g + 14*z, 2*g = 3*z + 1527. Is 15 a factor of g?
True
Suppose 10*i = 5*i + 15. Let n(o) = 6*o**2 + 3*o - 3. Is n(i) a multiple of 12?
True
Let y = -100 - -86. Is 14/y + -1 + 101 a multiple of 11?
True
Suppose 3*c = -2*v - 843 + 6795, 2*c - 4*v - 3968 = 0. Is 62 a factor of c?
True
Let m be (-1)/(-6) - ((-39)/(-18) - 6). Suppose -b + m*b + 365 = 4*w, -b = -4*w + 367. Is 23 a factor of w?
True
Suppose 410*r = 416*r - 1848. Is r a multiple of 44?
True
Let f be (3 + -4)*1*-16. Suppose 0 = -13*q + f*q + 42. Let m = q - -20. Does 6 divide m?
True
Is 23 a factor of -1674*(4 - 72/16)?
False
Suppose -l - 2 = 3, 3*l = 4*i + 109. Let q(y) = y**3 + 4*y**2 + 2*y + 4. Let h be q(-4). Let a = h - i. Is a a multiple of 9?
True
Let k(m) = -m**3 - m - 2. Let i(r) = r**3 + r**2 + 2. Let s(w) = -3*i(w) - 4*k(w). Let b be s(2). Is 12 a factor of ((-81)/6)/(b/(-16))?
True
Let v be (-4 + 5)/1 + 3. Let i(y) = -8*y - v*y - 5*y - 1. Does 10 divide i(-3)?
True
Suppose 8*f - 966 - 1082 = 0. Let t = f - 160. Is t a multiple of 6?
True
Suppose -4*x = -6*x + i - 230, -335 = 3*x - 4*i. Let y = -73 - x. Is 8 a factor of y?
False
Let p(f) = -f**3 - 20*f**2 - 5*f - 48. Is 64 a factor of p(-21)?
False
Suppose b + 16 = -2*b - 5*g, 4*b - 17 = g. Let m = -53 - -56. Is b + 18/(-2 + m) a multiple of 9?
False
Let r be (-1 + 1)/(2 - 0). Suppose r = 5*m + 10, m = 2*d + 2*m - 176. Does 8 divide d?
False
Let u(w) be the first derivative of w**4/4 - 7*w**3/3 + w**2 + 2*w - 29. Suppose j - 2 = 0, 6 = -3*m + j + 25. Is u(m) a multiple of 16?
True
Let z be 0*(6/(-3) + 3). Suppose -p + 4*x - 112 + 313 = z, 2*p = -4*x + 342. Is 32 a factor of p?
False
Let w = -55 + 99. Let x = 20 - w. Let v = -5 - x. Is 5 a factor of v?
False
Suppose -4*o + 116 = 6*r - 2*r, -5*r + 5*o = -195. Is 7 a factor of r?
False
Suppose -152*f + 125*f + 26703 = 0. Is 43 a factor of f?
True
Suppose -22*w + 16*w = -18. Let g(x) = 2*x**2 + 2*x + 4. Is 2 a factor of g(w)?
True
Let z = 22 + -64. Suppose 0 = -3*f - 3, 5*k - 42 - 47 = -f. Is 9 a factor of 450/21 + k/z?
False
Let x = 554 + -803. Let r = x - -419. Is r a multiple of 17?
True
Let f be (-1)/2 + 351/6. Suppose 0 = 7*g - f - 194. Is 18 a factor of g?
True
Suppose 0 = -f + 2. Let h(l) = -7*l**2 + 12*l + 4 + 4*l**2 + 5*l**f. Is 12 a factor of h(-8)?
True
Suppose 32*x - 37*x + 1980 = 0. Is 4 a factor of x?
True
Let a = 6899 + -4753. Does 37 divide a?
True
Let f(n) = n**3 - 10*n**2 + 7*n - 11. Let r be f(10). Let k = 21 + r. Is 16 a factor of k?
True
Suppose 0 = -5*n + 45 + 15. Does 4 divide (34 - 0)/(13 - n)?
False
Suppose 4*t + 10 = 6*t. Suppose -t*h + 8 = -h. Suppose -5*z + z = -3*a - 28, -4*z - h*a = -48. Does 5 divide z?
True
Suppose -6*n - 11 = 1. Let o(q) = -43*q - 7. Does 22 divide o(n)?
False
Suppose p = 4*p - 12. Suppose -2*b + 4*b = -f + 15, 5*f = 2*b + 27. Suppose p*y - f = 21. Is y a multiple of 2?
False
Suppose 0 = 1060*a - 1050*a - 14630. Is 11 a factor of a?
True
Let b be 17/(4/(-40)*2). Let s = b + 146. Does 17 divide s?
False
Let p = 175 + -112. Let g be (p/42)/(2/180). Suppose -5*n + 35 = -g. Does 11 divide n?
False
Does 14 divide (6/4)/((-14)/(-27804)) - 2?
False
Suppose 3*n = -4 + 37. Suppose 0 = -5*f - u + n - 161, -4*f - 5*u = 99. Let j = 64 + f. Does 11 divide j?
True
Let c(r) = 9*r**3 + 5*r**2 - 18*r - 4. Is c(4) a multiple of 29?
True
Suppose l = 9*l - 16. Suppose 0 = -l*b + 2*j + 190, -2*j - j = b - 87. Is 21 a factor of b?
False
Suppose -95*d = -99*d + 7896. Is 94 a factor of d?
True
Let i(q) = -q**3 + 22*q**2 - 10*q - 47. Let x = 29 + -8. Does 16 divide i(x)?
False
Suppose 5*x = w - 4*w + 1, -5*w - 19 = -2*x. Suppose -2*f - 424 = u, x*f + 491 = 5*u + 67. Is 16 a factor of 1/3 + f/(-12)?
False
Suppose 4*k - 7*k + 5*p + 21 = 0, -4*k - 5*p - 7 = 0. Is 1 + 4/k + 183 a multiple of 31?
True
Suppose -4315 - 1777 = -4*q + 2*t, 4*q - 6084 = -2*t. Is q a multiple of 34?
False
Suppose 1975 = 3*w - 4*p, 3*w - w = -p + 1324. Let c = w + -456. Is c a multiple of 22?
False
Let i(h) be the third derivative of -h**6/120 + 7*h**5/30 - 3*h**4/8 - 10*h**3/3 - h**2 - 6*h. Is 19 a factor of i(12)?
False
Let c(q) = -5*q + 55. Let k be c(10). Let j(g) be the third derivative of g**5/60 - g**4/8 - 5*g**3/6 + g**2. Is 3 a factor of j(k)?
False
Suppose 6*n - 2*x - 623 = 3*n, -5*n + 1080 = 5*x. Does 18 divide n?
False
Let j(n) be the second derivative of 5*n**3/6 + 11*n**2/2 + 14*n. Let o be j(11). Let h = o - 38. Does 12 divide h?
False
Suppose -3*d - 1207 = -2*p, -4*d - 2420 = 3*p - 7*p. Is 28 a factor of p?
False
Suppose 3*k + 25*k = 13132. Does 67 divide k?
True
Let p = -7 + 9. Let a(j) = 8*j - 23. Let v be a(10). Suppose 3*t = 3*w + v, -5*t - 2*w = p*w - 86. Is t a multiple of 9?
True
Suppose -4*c = -2*c - 456. Suppose -f + c = 3*f. Suppose 5*r - f = -2*k, -5*r + r + 56 = -k. Is r a multiple of 3?
False
Suppose -13*r + 9*r = -3*a - 365, 2*a + 6 = 0. Does 11 divide r?
False
Suppose 0 = -g + 10 - 9, 5*h - 3*g = 7327. Does 25 divide h?
False
Let z be (2/3)/(5/15). Suppose -z*u + 41 = -11. Is 4 a factor of u?
False
Let t(g) = g**2 - 13*g + 116. Is t(12) a multiple of 13?
True
Suppose -3*j = 3*c - j - 35, 0 = c + 5*j - 3. Suppose c = -y + 103. Does 10 divide y?
True
Is -7 + (4696/1)/8 a multiple of 10?
True
Let y = 87 + -87. Let s be 0 - -1 - (-46 + -2). Suppose 2*x - 3*x + s = y. Is 7 a factor of x?
True
Let b(z) = 26*z - 1. Let v be b(1). Let x be 10 + (-1 - 1) + -3. Let g = v + x. Does 11 divide g?
False
Suppose -t - 3*t - 40 = 0. Let b = 27 + t. Let l = b - -5. Does 22 divide l?
True
Let n(z) = 6*z**2 + 18*z + 89. Is n(-8) a multiple of 8?
False
Suppose 35 = -4*c + 5*a, 2*c + 19 = -0*c + 3*a. Is c/15 + 212/6 a multiple of 3?
False
Let g = 406 - 266. Does 5 divide g?
True
Let f be ((-27)/12 + 1)*-12. Let j = 57 - f. Is 7 a factor of j?
True
Suppose n + n = 6. Suppose -2*w + 42 = -2*b, -n*w = -w - 5*b - 51. Does 6 divide w?
True
Is (1336140/91)/20 - (-6)/7 a multiple of 12?
False
Let z(l) = -l**2 + 11*l + 15. Let i = 20 + 8. Suppose -5*v = -10, -5*v + i = 2*n - 2*v. Is 5 a factor of z(n)?
True
Suppose 3*v = 7*v + 8. Let y be (v/5)/(12/(-60)). Suppose 0 = y*k - 0*k - 152. Does 20 divide k?
False
Let r be (4 - 51)/(0 - -1). Suppose -4*x - 143 = -2*f + 47, 0 = f - 4*x - 105. Let p = r + f. Does 14 divide p?
False
Does 8 divide (-1 - -4) + -6 + 5 + 25?
False
Suppose h - j = -51, -42 - 72 = 2*h + 4*j. Let s = -30 - h. Is s a multiple of 3?
False
Let v = 1554 + -805. Is 34 a factor of v?
False
Let v = -21 + 26. Let f(i) = 22*i - 3. Does 22 divide f(v)?
False
Let i(l) = -10*l - 27. Does 13 divide i(-21)?
False
Let x = 130 + -126. Suppose 160 = 2*d + 2*d - x*s, -s = -2*d + 85. Is 15 a factor of d?
True
Let p be 33/(-88) - (-42)/(-16). Does 7 divide (p/(3/238))/((-